t of 13267109?
2
What is the thousands digit of 5381490583?
0
What is the hundreds digit of 221489194?
1
What is the units digit of 164535199?
9
What is the thousands digit of 1435859247?
9
What is the millions digit of 19301534?
9
What is the tens digit of 808773634?
3
What is the ten thousands digit of 70707804?
0
What is the tens digit of 803993973?
7
What is the hundreds digit of 8013294?
2
What is the hundred millions digit of 273423038?
2
What is the millions digit of 1343912202?
3
What is the thousands digit of 915878503?
8
What is the ten millions digit of 36410608?
3
What is the tens digit of 111707810?
1
What is the billions digit of 2208045893?
2
What is the hundred thousands digit of 12591185?
5
What is the millions digit of 83205483?
3
What is the hundred millions digit of 196420873?
1
What is the hundred thousands digit of 46977028?
9
What is the thousands digit of 138572740?
2
What is the ten millions digit of 240828817?
4
What is the hundred thousands digit of 619952407?
9
What is the hundreds digit of 821013016?
0
What is the billions digit of 1826273564?
1
What is the units digit of 276988913?
3
What is the tens digit of 84428999?
9
What is the millions digit of 304104855?
4
What is the hundred millions digit of 283133860?
2
What is the hundred millions digit of 3892816425?
8
What is the ten thousands digit of 238424213?
2
What is the tens digit of 636191301?
0
What is the hundred millions digit of 3171539691?
1
What is the millions digit of 91213736?
1
What is the ten thousands digit of 40835190?
3
What is the millions digit of 361926144?
1
What is the millions digit of 337959498?
7
What is the tens digit of 7208078?
7
What is the millions digit of 20316189?
0
What is the hundred millions digit of 110757211?
1
What is the hundred thousands digit of 579085293?
0
What is the hundreds digit of 186754913?
9
What is the hundred thousands digit of 133670263?
6
What is the ten millions digit of 2686262196?
8
What is the ten millions digit of 3869273935?
6
What is the millions digit of 59168758?
9
What is the ten millions digit of 33306771?
3
What is the hundred thousands digit of 48299613?
2
What is the hundred millions digit of 2858491715?
8
What is the thousands digit of 728887620?
7
What is the units digit of 228403600?
0
What is the ten thousands digit of 80570042?
7
What is the units digit of 340410451?
1
What is the tens digit of 60790950?
5
What is the thousands digit of 986419537?
9
What is the hundred thousands digit of 18005741?
0
What is the hundred thousands digit of 30308013?
3
What is the tens digit of 187129251?
5
What is the millions digit of 383907132?
3
What is the thousands digit of 1703436482?
6
What is the units digit of 44272347?
7
What is the hundreds digit of 73318415?
4
What is the ten millions digit of 89864105?
8
What is the hundreds digit of 20007383?
3
What is the ten thousands digit of 665235088?
3
What is the units digit of 284675969?
9
What is the ten millions digit of 459708331?
5
What is the ten thousands digit of 94860279?
6
What is the ten millions digit of 263663149?
6
What is the ten millions digit of 57440542?
5
What is the hundred millions digit of 111867738?
1
What is the units digit of 6309680116?
6
What is the ten thousands digit of 441465512?
6
What is the hundred thousands digit of 5078558760?
5
What is the hundreds digit of 13905805?
8
What is the hundreds digit of 1888310536?
5
What is the millions digit of 119864478?
9
What is the tens digit of 150859325?
2
What is the hundred millions digit of 1890883148?
8
What is the hundred thousands digit of 141721165?
7
What is the millions digit of 3064659897?
4
What is the units digit of 185215770?
0
What is the hundred thousands digit of 1033710199?
7
What is the tens digit of 86606229?
2
What is the hundred millions digit of 791317704?
7
What is the units digit of 256428569?
9
What is the ten thousands digit of 248625597?
2
What is the ten thousands digit of 257605377?
0
What is the tens digit of 265929660?
6
What is the hundreds digit of 420341227?
2
What is the units digit of 75060779?
9
What is the thousands digit of 326647?
6
What is the ten millions digit of 5808360131?
0
What is the billions digit of 7542003673?
7
What is the hundred thousands digit of 1223125231?
1
What is the billions digit of 1314172820?
1
What is the hundred millions digit of 1752678555?
7
What is the units digit of 133979824?
4
What is the tens digit of 181472153?
5
What is the ten thousands digit of 1095615905?
1
What is the thousands digit of 735267453?
7
What is the ten millions digit of 84220271?
8
What is the ten millions digit of 161909220?
6
What is the hundred millions digit of 757928172?
7
What is the thousands digit of 59647507?
7
What is the units digit of 530951017?
7
What is the millions digit of 1782659492?
2
What is the hundred millions digit of 268503575?
2
What is the thousands digit of 17813792?
3
What is the tens digit of 2412821096?
9
What is the tens digit of 156818892?
9
What is the millions digit of 1903098878?
3
What is the hundred thousands digit of 814785490?
7
What is the units digit of 361899779?
9
What is the ten millions digit of 694991461?
9
What is the millions digit of 7386803517?
6
What is the hundred thousands digit of 189015347?
0
What is the millions digit of 1563608050?
3
What is the tens digit of 15240773?
7
What is the hundred thousands digit of 174901461?
9
What is the ten thousands digit of 19251148?
5
What is the ten thousands digit of 67632630?
3
What is the hundred thousands digit of 3327863?
3
What is the ten thousands digit of 22256426?
5
What is the hundred thousands digit of 144840675?
8
What is the millions digit of 16132056?
6
What is the hundred millions digit of 437115129?
4
What is the thousands digit of 524383347?
3
What is the tens digit of 48400358?
5
What is the ten thousands digit of 69263663?
6
What is the ten thousands digit of 892636279?
3
What is the hundred thousands digit of 729846435?
8
What is the millions digit of 1588482057?
8
What is the ten thousands digit of 189684679?
8
What is the units digit of 9366001?
1
What is the millions digit of 144494863?
4
What is the hundreds digit of 210273725?
7
What is the ten thousands digit of 37515650?
1
What is the hundred millions digit of 1482868427?
4
What is the hundred thousands digit of 30706582?
7
What is the tens digit of 462039273?
7
What is the ten thousands digit of 106500368?
0
What is the units digit of 92264313?
3
What is the units digit of 33629744?
4
What is the hundred millions digit of 655610082?
6
What is the hundred thousands digit of 399302143?
3
What is the ten thousands digit of 40985365?
8
What is the hundred thousands digit of 16315629?
3
What is the units digit of 515383088?
8
What is the hundred thousands digit of 2003988820?
9
What is the ten thousands digit of 80934822?
3
What is the tens digit of 112984963?
6
What is the ten millions digit of 817350946?
1
What is the units digit of 80772240?
0
What is the hundred millions digit of 2144734270?
1
What is the hundred millions digit of 7864624831?
8
What is the billions digit of 3139194484?
3
What is the hundred millions digit of 145558740?
1
What is the tens digit of 40926818?
1
What is the hundreds digit of 133331355?
3
What is the thousands digit of 1291451639?
1
What is the hundred millions digit of 249751443?
2
What is the millions digit of 739242203?
9
What is the hundred thousands digit of 761836614?
8
What is the ten thousands digit of 892332846?
3
What is the units digit of 79055091?
1
What is the ten thousands digit of 94132960?
3
What is the tens digit of 1191307515?
1
What is the thousands digit of 13184543?
4
What is the tens digit of 1406948082?
8
What is the ten thousands digit of 106669053?
6
What is the thousands digit of 84684018?
4
What is the units digit of 5916837?
7
What is the ten thousands digit of 1046236144?
3
What is the hundreds digit of 50691310?
3
What is the units digit of 5196869923?
3
What is the millions digit of 191357625?
1
What is the millions digit of 2143196119?
3
What is the hundred millions digit of 2233073149?
2
What is the hundred millions digit of 1829789773?
8
What is the ten millions digit of 42646939?
4
What is the ten thousands di